3 + 66. Suppose -4*n = -17 - u. What is the tens digit of n?
1
What is the tens digit of (102/15)/((-14)/(-35))?
1
Suppose 2*n - 8 = -2*n. Suppose n*x = x + 8. What is the units digit of x?
8
Let n be -2*1/(-2) + 1. Suppose -5*v + 41 = i, -3*v - n = -2*i - 24. What is the units digit of v?
8
Let g = -21 + 49. Let n = -2 + g. What is the units digit of n?
6
Suppose 9 = -3*g, 5*g + 0*g + 3 = -4*n. What is the units digit of n?
3
Suppose 3*u + 27 = -3*w, 4*u + 4 = 5*w + 13. Let v = 20 - w. What is the units digit of v?
5
Suppose -3*z + 6 = -3. Let p = 0 + 2. Suppose p + z = g. What is the units digit of g?
5
Suppose 4*n - 2*n + 2 = 0. Let z = n + 11. Let d(g) = g**2 - 9*g + 9. What is the units digit of d(z)?
9
Let d = -10 - -13. Suppose -d*u + 64 = -20. What is the units digit of u?
8
Let x = 7 - -6. What is the tens digit of 2/(1 - 3) + x?
1
Let s be 5*1*(-49)/(-35). Let d(r) = -r**3 + 7*r**2 + 2*r - 7. What is the units digit of d(s)?
7
Let h(l) = l**3 + l**2 + 43. What is the tens digit of h(0)?
4
Let v(y) = y**3 - 5*y**2 + 5. Let h be v(5). Let l(k) = k**3 - 2*k**2 - 1. Let z be l(3). Let s = z - h. What is the units digit of s?
3
Suppose -5*j + 139 = -6. What is the units digit of j?
9
Suppose -210 = -5*f + 5*g, -f + g + 177 = 3*f. What is the units digit of f?
5
Suppose -85*h = -83*h - 274. What is the tens digit of h?
3
Let i(c) = 2*c - 5. Let o(a) = -a + 6. Let p(j) = -3*i(j) - 4*o(j). What is the units digit of p(-6)?
3
Let y(c) = -12 - c - 2*c**3 + c**3 + 4*c**3 - 4*c**3 - 12*c**2. Let m be y(-12). Let t = m + 3. What is the units digit of t?
3
Let a = -43 + 82. What is the tens digit of a?
3
Let p(n) = 22*n**3 + n**2 - 2*n + 1. Let l be p(1). Let c = l + -16. What is the units digit of c?
6
Let a = 6 + -3. Suppose -t = a*t - 132. What is the tens digit of t?
3
Let g(c) = c - 2. Let f be g(4). Suppose -4*p = -2*h + 10, -h + 19 = f*p + 3*p. What is the units digit of h?
9
Suppose -14*f + 1104 = -6*f. What is the tens digit of f?
3
Suppose -4*k = -5*t + 80, -32 = -2*t - 0*t - k. What is the units digit of t?
6
Let n = 215 - 87. What is the hundreds digit of n?
1
Suppose 3*t - s - 17 = 0, -4*s = 2*t + s. Suppose 5*k = w - 69, -2*k + t*w - 26 = 3*w. Let n = k + 34. What is the tens digit of n?
2
Let f = -25 - -34. What is the units digit of f?
9
Let i = 131 - 89. What is the tens digit of i?
4
Let b = -11 + 38. What is the units digit of 61/9 - (-6)/b?
7
Suppose -r - 3*i - 2*i + 22 = 0, -5*r - 10 = -5*i. Suppose 0 = -r*o + 5*o - 168. What is the tens digit of o?
5
Let h be (50/40)/(1/196). What is the units digit of h/10 + 1/2?
5
Suppose -3*i = -4*p, -2*i = -5*p + 8 - 1. Suppose 9 = r - p. What is the units digit of r?
2
Suppose 0 = -l + 3*u + 9, -5*l + u - 2*u - 3 = 0. Suppose 18*m - 5*m = 247. Let s = l + m. What is the tens digit of s?
1
Let a(x) = x**3 + 5*x**2 - 8*x - 4. Let f(y) = y**3 - 3*y**2 - 2*y + 4. Let k be f(4). Suppose -t - k = t. What is the units digit of a(t)?
8
Let u = -62 + 87. What is the tens digit of u?
2
Suppose 3*j + 0*b + 53 = 2*b, 4*j = 4*b - 72. Let u = j + 39. What is the units digit of u?
2
Let d = -528 - -872. What is the tens digit of d?
4
What is the units digit of (-168)/(-4) - (-2)/(-1)?
0
Let y = -18 - -19. What is the units digit of y?
1
Let t = 23 - -3. What is the units digit of t?
6
Let u(o) = o**3 + 6*o**2 - 6*o + 6. Suppose 8 + 10 = -3*l. What is the units digit of u(l)?
2
Suppose 2*z + 5*u - 91 = 0, -3*z - u + 117 = -0*u. Suppose 4*j + 5*r - z = 2*j, -46 = -3*j - 2*r. What is the tens digit of j?
1
Let h(c) = c**3 + 5*c**2 - 6*c + 5. Let g be h(-6). Suppose -q = 3*u - 86, -u = g*q + 9 - 61. What is the units digit of u?
7
Let g = 8 - 1. Let p(u) = -5*u - 1 + 6*u - 2 - 2. What is the units digit of p(g)?
2
Let z be 21/9 + (-4)/(-6). Suppose 7*l - z*l = 0. Suppose l*b + 4 = b. What is the units digit of b?
4
Let a(r) = r**3 + 10*r**2 + 11*r + 8. Let d be a(-7). Suppose j + j = d. What is the tens digit of j?
3
What is the units digit of 13/(-26) + (-3)/(-2)?
1
Let q(h) = -6*h - 8. Let u(x) = -2*x - 3. Let j(s) = 2*q(s) - 7*u(s). Let b be j(-5). Let c(i) = -i**2 - 6*i - 1. What is the units digit of c(b)?
4
Suppose 6 = -3*y - 0, -2*y + 70 = 2*s. What is the tens digit of s?
3
Suppose 0 = 3*d + 7*z - 2*z - 35, -5*d + 49 = -z. Let o = 4 - d. What is the units digit of (8/o)/(2/(-9))?
6
Let j(i) = i - 1. Let b(q) = 2*q**2 + q - 4. Let l(a) = b(a) - j(a). What is the tens digit of l(-3)?
1
Suppose -d = -4*w - w + 29, 3*d = 2*w - 22. Let a = 8 + w. Let j = a - 0. What is the tens digit of j?
1
Suppose -k + 6*m = m - 46, 5*k + 2*m - 122 = 0. What is the units digit of k?
6
Let j(o) be the first derivative of o**5/60 + o**4/24 - o**3 + 4. Let i(d) be the third derivative of j(d). What is the units digit of i(2)?
5
What is the tens digit of (10/(-2))/(12/(-228))?
9
Let v be (9/(-6))/((-2)/(-12)). Let b be (105/v)/((-1)/6). Suppose 0 = -4*u - 2 + b. What is the units digit of u?
7
Suppose 20 = 5*d + 5*t, 3*d = 4*d + 2*t - 8. Suppose d*p - p = -6. Suppose -i - 4*z = -p, 2*z - 2 = -0*z. What is the units digit of i?
2
Suppose 0*u + 16 = 5*u + 3*c, c - 12 = -3*u. Let l = u - 4. Suppose l = -4*i + 29. What is the units digit of i?
7
Let q(f) = -f**3 - 2*f**2 - f + 2. Let c be q(-3). Let w = -1 + c. What is the tens digit of w?
1
Suppose 7*o = -2*k + 3*o - 4, 2*k = -o + 2. Suppose -4*w = -k*j - 54, 3*w + 5*j = -0*j + 21. What is the units digit of w?
2
Let z be 65 + -2 - (2 - 0). Let g = -41 + z. Suppose 0*x + 4*x - g = 0. What is the units digit of x?
5
Let b = -8 - -43. Suppose 5*l + 0*a - 3*a = 264, 0 = -2*l - 5*a + 87. Let t = l - b. What is the units digit of t?
6
Suppose 6*q - 3*q - 359 = -4*b, -3*b + 4*q = -238. Suppose p + 28 = b. What is the units digit of p?
8
Let t(i) = -i**2 - 3*i + 4. Let o be t(-3). Let b be 3/3 - 1/(-1). Suppose 0 = -l + b*k + 18, 27 = o*l - l + 3*k. What is the units digit of l?
2
Suppose 0 = -g - 2*g + 5*p + 24, 3*p + 21 = 4*g. Suppose -6*r + 4*h = -g*r - 51, r - 4*h - 25 = 0. What is the units digit of r?
3
Let k(m) = -m**2 + 4*m + 4. Let q be k(4). Suppose -8*x + 10*x = 0. Suppose -q*v + 6 + 34 = x. What is the units digit of v?
0
Let j = -136 - -199. What is the tens digit of j?
6
Suppose -4*a + 0*a = 0. Suppose -3*b - b + 40 = a. What is the units digit of 44/10 - 4/b?
4
Let y(j) be the first derivative of j**4/4 - 8*j**3/3 + 5*j**2 - j + 6. What is the units digit of y(7)?
0
What is the units digit of 14 - (3 + -3)/(-3)?
4
Let q be (-2)/1*(-1 - 0). What is the units digit of q*((-42)/(-4) + 0)?
1
Let h(j) = j**3 - 10*j**2 - 16*j - 4. What is the units digit of h(12)?
2
Let v(u) = -11*u**3 + 3*u**2 + 3*u + 3. What is the tens digit of v(-2)?
9
Let a(m) = -m - 6. Suppose 6 = -2*z - 0*w - 2*w, 3*z + 25 = w. What is the units digit of a(z)?
1
Suppose -4*f = 2*z + 12, f - 6*f + 3*z + 7 = 0. Let o be f - (-3 - (2 - 4)). Suppose -i = -o*i - 2. What is the units digit of i?
2
Let q(d) be the third derivative of 7*d**4/24 - 4*d**2. What is the units digit of q(1)?
7
Suppose -8*r - r = -2583. What is the hundreds digit of r?
2
Suppose n - i - 17 = -2*n, 0 = 3*i - 3. Let a = 25 - n. What is the units digit of a?
9
Suppose 3*h - 38 = 49. Let o = -110 + 125. Let u = h - o. What is the tens digit of u?
1
Let l be 1/(-2) + (-2)/(-4). Let z be 0/(1 - (2 - 2)). Suppose h + z - 2 = l. What is the units digit of h?
2
Let v(m) = -m**3 - m**2 + 15. What is the units digit of v(0)?
5
Let u be (-8)/(-3 + 7) - -4. What is the units digit of -1 - (u - (0 + 38))?
5
Suppose -7*m + 301 = -700. What is the hundreds digit of m?
1
Let f(m) = -m + 3. Let u be f(4). What is the units digit of u/((-3)/((-48)/(-2)))?
8
What is the units digit of 192/10*(-130)/(-39)?
4
What is the units digit of 432/243 - 2/(-9)?
2
Let u(h) be the first derivative of 2/3*h**3 - 3/4*h**4 + 1/2*h**2 + 1 + 0*h. What is the units digit of u(-1)?
4
Let i be (-2)/(-6) + 10/6. Let z be 3 + 1 + i + -3. Suppose -4*d = z*n - 28 - 5, 10 = n + d. What is the units digit of n?
7
Let w be 2*1 - (-29 + -3). Suppose w = 3*g - 11. What is the units digit of g?
5
What is the units digit of 4/(-18) + (282/54 - -3)?
8
Suppose -m + 10 = n - 4*m, 2*n + 4*m = -10. What is the units digit of n/(-4) + (-445)/(-20)?
2
Suppose -j = 4*b - 531, -4*b +